{"id":85,"date":"2022-09-10T17:30:50","date_gmt":"2022-09-10T17:30:50","guid":{"rendered":"http:\/\/benedicte.eneskov.dk\/?page_id=85"},"modified":"2025-02-25T12:18:33","modified_gmt":"2025-02-25T11:18:33","slug":"forside-benedicte-eneskov","status":"publish","type":"page","link":"https:\/\/benedicte.eneskov.dk\/index.php\/forside-benedicte-eneskov\/","title":{"rendered":"Forside"},"content":{"rendered":"\n<h2 class=\"wp-block-heading has-text-align-center\">&#8211; Mindre end alt &#8211; <br>siger mig intet<\/h2>\n\n\n\n<div style=\"height:41px\" aria-hidden=\"true\" class=\"wp-block-spacer\"><\/div>\n\n\n\n<div class=\"wp-block-columns animated fadeIn delay-100ms slower is-layout-flex wp-container-core-columns-is-layout-9d6595d7 wp-block-columns-is-layout-flex\">\n<div class=\"wp-block-column is-layout-flow wp-block-column-is-layout-flow\" style=\"flex-basis:33.33%\">\n<figure class=\"wp-block-image size-full is-style-default\"><a href=\"https:\/\/benedicte.eneskov.dk\/\"><img fetchpriority=\"high\" decoding=\"async\" width=\"344\" height=\"430\" src=\"https:\/\/benedicte.eneskov.dk\/wp-content\/uploads\/2022\/11\/1-Velkommen.jpg\" alt=\"Velkommen\" class=\"wp-image-883\" srcset=\"https:\/\/benedicte.eneskov.dk\/wp-content\/uploads\/2022\/11\/1-Velkommen.jpg 344w, https:\/\/benedicte.eneskov.dk\/wp-content\/uploads\/2022\/11\/1-Velkommen-240x300.jpg 240w\" sizes=\"(max-width: 344px) 100vw, 344px\" \/><\/a><\/figure>\n<\/div>\n\n\n\n<div class=\"wp-block-column is-layout-flow wp-block-column-is-layout-flow\" style=\"flex-basis:33.33%\">\n<figure class=\"wp-block-image size-full\"><a href=\"https:\/\/benedicte.eneskov.dk\/index.php\/behandlinger\/imago-parterapi\/\"><img decoding=\"async\" width=\"344\" height=\"430\" src=\"https:\/\/benedicte.eneskov.dk\/wp-content\/uploads\/2022\/11\/2-Imago-parterapi-1.jpg\" alt=\"Imago Parterapi\" class=\"wp-image-885\" srcset=\"https:\/\/benedicte.eneskov.dk\/wp-content\/uploads\/2022\/11\/2-Imago-parterapi-1.jpg 344w, https:\/\/benedicte.eneskov.dk\/wp-content\/uploads\/2022\/11\/2-Imago-parterapi-1-240x300.jpg 240w\" sizes=\"(max-width: 344px) 100vw, 344px\" \/><\/a><\/figure>\n<\/div>\n\n\n\n<div class=\"wp-block-column is-layout-flow wp-block-column-is-layout-flow\" style=\"flex-basis:33.33%\">\n<figure class=\"wp-block-image size-full\"><img decoding=\"async\" width=\"344\" height=\"430\" src=\"https:\/\/benedicte.eneskov.dk\/wp-content\/uploads\/2022\/11\/6-Digt-6.jpg\" alt=\"\" class=\"wp-image-886\" srcset=\"https:\/\/benedicte.eneskov.dk\/wp-content\/uploads\/2022\/11\/6-Digt-6.jpg 344w, https:\/\/benedicte.eneskov.dk\/wp-content\/uploads\/2022\/11\/6-Digt-6-240x300.jpg 240w\" sizes=\"(max-width: 344px) 100vw, 344px\" \/><\/figure>\n<\/div>\n<\/div>\n\n\n\n<div style=\"height:2em\" aria-hidden=\"true\" class=\"wp-block-spacer\"><\/div>\n\n\n\n<div class=\"wp-block-columns animated fadeIn delay-100ms slower is-layout-flex wp-container-core-columns-is-layout-9d6595d7 wp-block-columns-is-layout-flex\">\n<div class=\"wp-block-column is-layout-flow wp-block-column-is-layout-flow\">\n<figure class=\"wp-block-image size-full\"><a href=\"https:\/\/benedicte.eneskov.dk\/index.php\/sample-page\/\"><img loading=\"lazy\" decoding=\"async\" width=\"344\" height=\"430\" src=\"https:\/\/benedicte.eneskov.dk\/wp-content\/uploads\/2025\/01\/Menu-workshop.jpg\" alt=\"\" class=\"wp-image-1792\" srcset=\"https:\/\/benedicte.eneskov.dk\/wp-content\/uploads\/2025\/01\/Menu-workshop.jpg 344w, https:\/\/benedicte.eneskov.dk\/wp-content\/uploads\/2025\/01\/Menu-workshop-240x300.jpg 240w\" sizes=\"(max-width: 344px) 100vw, 344px\" \/><\/a><\/figure>\n<\/div>\n\n\n\n<div class=\"wp-block-column is-layout-flow wp-block-column-is-layout-flow\">\n<figure class=\"wp-block-image size-full\"><a href=\"https:\/\/benedicte.eneskov.dk\/index.php\/praktisk\/\"><img loading=\"lazy\" decoding=\"async\" width=\"344\" height=\"430\" src=\"https:\/\/benedicte.eneskov.dk\/wp-content\/uploads\/2022\/11\/9-praktisk-6c.jpg\" alt=\"Praktisk\" class=\"wp-image-894\" srcset=\"https:\/\/benedicte.eneskov.dk\/wp-content\/uploads\/2022\/11\/9-praktisk-6c.jpg 344w, https:\/\/benedicte.eneskov.dk\/wp-content\/uploads\/2022\/11\/9-praktisk-6c-240x300.jpg 240w\" sizes=\"(max-width: 344px) 100vw, 344px\" \/><\/a><\/figure>\n<\/div>\n\n\n\n<div class=\"wp-block-column is-layout-flow wp-block-column-is-layout-flow\">\n<figure class=\"wp-block-image size-full\"><a href=\"https:\/\/benedicte.eneskov.dk\/index.php\/om\/\"><img loading=\"lazy\" decoding=\"async\" width=\"344\" height=\"430\" src=\"https:\/\/benedicte.eneskov.dk\/wp-content\/uploads\/2022\/11\/4-Om-1.jpg\" alt=\"Om\" class=\"wp-image-895\" srcset=\"https:\/\/benedicte.eneskov.dk\/wp-content\/uploads\/2022\/11\/4-Om-1.jpg 344w, https:\/\/benedicte.eneskov.dk\/wp-content\/uploads\/2022\/11\/4-Om-1-240x300.jpg 240w\" sizes=\"(max-width: 344px) 100vw, 344px\" \/><\/a><\/figure>\n<\/div>\n<\/div>\n\n\n\n<div style=\"height:2em\" aria-hidden=\"true\" class=\"wp-block-spacer\"><\/div>\n\n\n\n<div class=\"wp-block-columns animated fadeIn delay-100ms slower is-layout-flex wp-container-core-columns-is-layout-9d6595d7 wp-block-columns-is-layout-flex\">\n<div class=\"wp-block-column is-layout-flow wp-block-column-is-layout-flow\">\n<figure class=\"wp-block-image size-full\"><img loading=\"lazy\" decoding=\"async\" width=\"344\" height=\"430\" src=\"https:\/\/benedicte.eneskov.dk\/wp-content\/uploads\/2023\/02\/5-Kunst-7b.jpg\" alt=\"Kunst &amp; Mirakler\" class=\"wp-image-1113\" srcset=\"https:\/\/benedicte.eneskov.dk\/wp-content\/uploads\/2023\/02\/5-Kunst-7b.jpg 344w, https:\/\/benedicte.eneskov.dk\/wp-content\/uploads\/2023\/02\/5-Kunst-7b-240x300.jpg 240w\" sizes=\"(max-width: 344px) 100vw, 344px\" \/><\/figure>\n<\/div>\n\n\n\n<div class=\"wp-block-column is-layout-flow wp-block-column-is-layout-flow\">\n<figure class=\"wp-block-image size-full\"><a href=\"https:\/\/benedicte.eneskov.dk\/index.php\/category\/blog\/\"><img loading=\"lazy\" decoding=\"async\" width=\"344\" height=\"430\" src=\"https:\/\/benedicte.eneskov.dk\/wp-content\/uploads\/2022\/11\/7-Blog.jpg\" alt=\"Blog\" class=\"wp-image-899\" srcset=\"https:\/\/benedicte.eneskov.dk\/wp-content\/uploads\/2022\/11\/7-Blog.jpg 344w, https:\/\/benedicte.eneskov.dk\/wp-content\/uploads\/2022\/11\/7-Blog-240x300.jpg 240w\" sizes=\"(max-width: 344px) 100vw, 344px\" \/><\/a><\/figure>\n<\/div>\n\n\n\n<div class=\"wp-block-column is-layout-flow wp-block-column-is-layout-flow\">\n<figure class=\"wp-block-image size-full\"><img loading=\"lazy\" decoding=\"async\" width=\"344\" height=\"430\" src=\"https:\/\/benedicte.eneskov.dk\/wp-content\/uploads\/2025\/01\/8-skyline.jpg\" alt=\"\" class=\"wp-image-1644\" srcset=\"https:\/\/benedicte.eneskov.dk\/wp-content\/uploads\/2025\/01\/8-skyline.jpg 344w, https:\/\/benedicte.eneskov.dk\/wp-content\/uploads\/2025\/01\/8-skyline-240x300.jpg 240w\" sizes=\"(max-width: 344px) 100vw, 344px\" \/><\/figure>\n<\/div>\n<\/div>\n\n\n\n<div style=\"height:32px\" aria-hidden=\"true\" class=\"wp-block-spacer\"><\/div>\n\n\n\n<div class=\"wp-block-columns alignfull has-background is-layout-flex wp-container-core-columns-is-layout-9d6595d7 wp-block-columns-is-layout-flex\" style=\"background-color:#eeeeee\">\n<div class=\"wp-block-column is-layout-flow wp-block-column-is-layout-flow\" style=\"flex-basis:10%\"><\/div>\n\n\n\n<div class=\"wp-block-column is-layout-flow wp-block-column-is-layout-flow\" style=\"flex-basis:80%\">\n<div style=\"height:90px\" aria-hidden=\"true\" class=\"wp-block-spacer\"><\/div>\n\n\n\n<p class=\"has-text-align-center\">Alt det der skr\u00e6mmer os, <br>er m\u00e5ske i sin dybeste essens, <br>noget b\u00e5de um\u00e5deligt s\u00e5rbart og um\u00e5deligt uv\u00e6lteligt <br>som bare \u00f8nsker vores k\u00e6rlighed<\/p>\n\n\n\n<p class=\"has-text-align-center\"><\/p>\n\n\n\n<p class=\"has-text-align-center\">&#8211; <em>Frit efter Rainer Maria Rilke<\/em> &#8211;<\/p>\n\n\n\n<div style=\"height:30px\" aria-hidden=\"true\" class=\"wp-block-spacer\"><\/div>\n<\/div>\n\n\n\n<div class=\"wp-block-column is-layout-flow wp-block-column-is-layout-flow\" style=\"flex-basis:10%\"><\/div>\n<\/div>\n\n\n\n<div style=\"height:10px\" aria-hidden=\"true\" class=\"wp-block-spacer\"><\/div>\n\n\n\n<div style=\"height:30px\" aria-hidden=\"true\" class=\"wp-block-spacer\"><\/div>\n","protected":false},"excerpt":{"rendered":"<p>&#8211; Mindre end alt &#8211; siger mig intet Alt det der skr\u00e6mmer os, er m\u00e5ske i sin dybeste essens, noget b\u00e5de um\u00e5deligt s\u00e5rbart og um\u00e5deligt uv\u00e6lteligt som bare \u00f8nsker vores k\u00e6rlighed &#8211; Frit efter Rainer Maria Rilke &#8211;<\/p>\n","protected":false},"author":1,"featured_media":0,"parent":0,"menu_order":0,"comment_status":"closed","ping_status":"closed","template":"","meta":{"_acf_changed":false,"inline_featured_image":false,"_themeisle_gutenberg_block_has_review":false,"footnotes":""},"class_list":["post-85","page","type-page","status-publish","hentry"],"acf":[],"yoast_head":"<!-- This site is optimized with the Yoast SEO plugin v27.5 - https:\/\/yoast.com\/product\/yoast-seo-wordpress\/ -->\n<title>Forside - Benedicte Eneskov<\/title>\n<meta name=\"robots\" content=\"index, follow, max-snippet:-1, max-image-preview:large, max-video-preview:-1\" \/>\n<link rel=\"canonical\" href=\"https:\/\/benedicte.eneskov.dk\/index.php\/forside-benedicte-eneskov\/\" \/>\n<meta property=\"og:locale\" content=\"da_DK\" \/>\n<meta property=\"og:type\" content=\"article\" \/>\n<meta property=\"og:title\" content=\"Forside - Benedicte Eneskov\" \/>\n<meta property=\"og:description\" content=\"&#8211; Mindre end alt &#8211; siger mig intet Alt det der skr\u00e6mmer os, er m\u00e5ske i sin dybeste essens, noget b\u00e5de um\u00e5deligt s\u00e5rbart og um\u00e5deligt uv\u00e6lteligt som bare \u00f8nsker vores k\u00e6rlighed &#8211; Frit efter Rainer Maria Rilke &#8211;\" \/>\n<meta property=\"og:url\" content=\"https:\/\/benedicte.eneskov.dk\/index.php\/forside-benedicte-eneskov\/\" \/>\n<meta property=\"og:site_name\" content=\"Benedicte Eneskov\" \/>\n<meta property=\"article:modified_time\" content=\"2025-02-25T11:18:33+00:00\" \/>\n<meta property=\"og:image\" content=\"http:\/\/benedicte.eneskov.dk\/wp-content\/uploads\/2022\/11\/1-Velkommen.jpg\" \/>\n<meta name=\"twitter:card\" content=\"summary_large_image\" \/>\n<meta name=\"twitter:label1\" content=\"Estimeret l\u00e6setid\" \/>\n\t<meta name=\"twitter:data1\" content=\"2 minutter\" \/>\n<script type=\"application\/ld+json\" class=\"yoast-schema-graph\">{\"@context\":\"https:\\\/\\\/schema.org\",\"@graph\":[{\"@type\":\"WebPage\",\"@id\":\"https:\\\/\\\/benedicte.eneskov.dk\\\/index.php\\\/forside-benedicte-eneskov\\\/\",\"url\":\"https:\\\/\\\/benedicte.eneskov.dk\\\/index.php\\\/forside-benedicte-eneskov\\\/\",\"name\":\"Forside - Benedicte Eneskov\",\"isPartOf\":{\"@id\":\"https:\\\/\\\/benedicte.eneskov.dk\\\/#website\"},\"primaryImageOfPage\":{\"@id\":\"https:\\\/\\\/benedicte.eneskov.dk\\\/index.php\\\/forside-benedicte-eneskov\\\/#primaryimage\"},\"image\":{\"@id\":\"https:\\\/\\\/benedicte.eneskov.dk\\\/index.php\\\/forside-benedicte-eneskov\\\/#primaryimage\"},\"thumbnailUrl\":\"http:\\\/\\\/benedicte.eneskov.dk\\\/wp-content\\\/uploads\\\/2022\\\/11\\\/1-Velkommen.jpg\",\"datePublished\":\"2022-09-10T17:30:50+00:00\",\"dateModified\":\"2025-02-25T11:18:33+00:00\",\"breadcrumb\":{\"@id\":\"https:\\\/\\\/benedicte.eneskov.dk\\\/index.php\\\/forside-benedicte-eneskov\\\/#breadcrumb\"},\"inLanguage\":\"da-DK\",\"potentialAction\":[{\"@type\":\"ReadAction\",\"target\":[\"https:\\\/\\\/benedicte.eneskov.dk\\\/index.php\\\/forside-benedicte-eneskov\\\/\"]}]},{\"@type\":\"ImageObject\",\"inLanguage\":\"da-DK\",\"@id\":\"https:\\\/\\\/benedicte.eneskov.dk\\\/index.php\\\/forside-benedicte-eneskov\\\/#primaryimage\",\"url\":\"http:\\\/\\\/benedicte.eneskov.dk\\\/wp-content\\\/uploads\\\/2022\\\/11\\\/1-Velkommen.jpg\",\"contentUrl\":\"http:\\\/\\\/benedicte.eneskov.dk\\\/wp-content\\\/uploads\\\/2022\\\/11\\\/1-Velkommen.jpg\"},{\"@type\":\"BreadcrumbList\",\"@id\":\"https:\\\/\\\/benedicte.eneskov.dk\\\/index.php\\\/forside-benedicte-eneskov\\\/#breadcrumb\",\"itemListElement\":[{\"@type\":\"ListItem\",\"position\":1,\"name\":\"Home\",\"item\":\"https:\\\/\\\/benedicte.eneskov.dk\\\/\"},{\"@type\":\"ListItem\",\"position\":2,\"name\":\"Forside\"}]},{\"@type\":\"WebSite\",\"@id\":\"https:\\\/\\\/benedicte.eneskov.dk\\\/#website\",\"url\":\"https:\\\/\\\/benedicte.eneskov.dk\\\/\",\"name\":\"Benedicte Eneskov\",\"description\":\"KROP - KUNST - IMAGO PARTERAPI\",\"publisher\":{\"@id\":\"https:\\\/\\\/benedicte.eneskov.dk\\\/#organization\"},\"potentialAction\":[{\"@type\":\"SearchAction\",\"target\":{\"@type\":\"EntryPoint\",\"urlTemplate\":\"https:\\\/\\\/benedicte.eneskov.dk\\\/?s={search_term_string}\"},\"query-input\":{\"@type\":\"PropertyValueSpecification\",\"valueRequired\":true,\"valueName\":\"search_term_string\"}}],\"inLanguage\":\"da-DK\"},{\"@type\":\"Organization\",\"@id\":\"https:\\\/\\\/benedicte.eneskov.dk\\\/#organization\",\"name\":\"Benedicte Eneskov\",\"url\":\"https:\\\/\\\/benedicte.eneskov.dk\\\/\",\"logo\":{\"@type\":\"ImageObject\",\"inLanguage\":\"da-DK\",\"@id\":\"https:\\\/\\\/benedicte.eneskov.dk\\\/#\\\/schema\\\/logo\\\/image\\\/\",\"url\":\"https:\\\/\\\/benedicte.eneskov.dk\\\/wp-content\\\/uploads\\\/2022\\\/10\\\/Rund-logo-lille-512px-e1676986111841.png\",\"contentUrl\":\"https:\\\/\\\/benedicte.eneskov.dk\\\/wp-content\\\/uploads\\\/2022\\\/10\\\/Rund-logo-lille-512px-e1676986111841.png\",\"width\":60,\"height\":60,\"caption\":\"Benedicte Eneskov\"},\"image\":{\"@id\":\"https:\\\/\\\/benedicte.eneskov.dk\\\/#\\\/schema\\\/logo\\\/image\\\/\"}}]}<\/script>\n<!-- \/ Yoast SEO plugin. -->","yoast_head_json":{"title":"Forside - Benedicte Eneskov","robots":{"index":"index","follow":"follow","max-snippet":"max-snippet:-1","max-image-preview":"max-image-preview:large","max-video-preview":"max-video-preview:-1"},"canonical":"https:\/\/benedicte.eneskov.dk\/index.php\/forside-benedicte-eneskov\/","og_locale":"da_DK","og_type":"article","og_title":"Forside - Benedicte Eneskov","og_description":"&#8211; Mindre end alt &#8211; siger mig intet Alt det der skr\u00e6mmer os, er m\u00e5ske i sin dybeste essens, noget b\u00e5de um\u00e5deligt s\u00e5rbart og um\u00e5deligt uv\u00e6lteligt som bare \u00f8nsker vores k\u00e6rlighed &#8211; Frit efter Rainer Maria Rilke &#8211;","og_url":"https:\/\/benedicte.eneskov.dk\/index.php\/forside-benedicte-eneskov\/","og_site_name":"Benedicte Eneskov","article_modified_time":"2025-02-25T11:18:33+00:00","og_image":[{"url":"http:\/\/benedicte.eneskov.dk\/wp-content\/uploads\/2022\/11\/1-Velkommen.jpg","type":"","width":"","height":""}],"twitter_card":"summary_large_image","twitter_misc":{"Estimeret l\u00e6setid":"2 minutter"},"schema":{"@context":"https:\/\/schema.org","@graph":[{"@type":"WebPage","@id":"https:\/\/benedicte.eneskov.dk\/index.php\/forside-benedicte-eneskov\/","url":"https:\/\/benedicte.eneskov.dk\/index.php\/forside-benedicte-eneskov\/","name":"Forside - Benedicte Eneskov","isPartOf":{"@id":"https:\/\/benedicte.eneskov.dk\/#website"},"primaryImageOfPage":{"@id":"https:\/\/benedicte.eneskov.dk\/index.php\/forside-benedicte-eneskov\/#primaryimage"},"image":{"@id":"https:\/\/benedicte.eneskov.dk\/index.php\/forside-benedicte-eneskov\/#primaryimage"},"thumbnailUrl":"http:\/\/benedicte.eneskov.dk\/wp-content\/uploads\/2022\/11\/1-Velkommen.jpg","datePublished":"2022-09-10T17:30:50+00:00","dateModified":"2025-02-25T11:18:33+00:00","breadcrumb":{"@id":"https:\/\/benedicte.eneskov.dk\/index.php\/forside-benedicte-eneskov\/#breadcrumb"},"inLanguage":"da-DK","potentialAction":[{"@type":"ReadAction","target":["https:\/\/benedicte.eneskov.dk\/index.php\/forside-benedicte-eneskov\/"]}]},{"@type":"ImageObject","inLanguage":"da-DK","@id":"https:\/\/benedicte.eneskov.dk\/index.php\/forside-benedicte-eneskov\/#primaryimage","url":"http:\/\/benedicte.eneskov.dk\/wp-content\/uploads\/2022\/11\/1-Velkommen.jpg","contentUrl":"http:\/\/benedicte.eneskov.dk\/wp-content\/uploads\/2022\/11\/1-Velkommen.jpg"},{"@type":"BreadcrumbList","@id":"https:\/\/benedicte.eneskov.dk\/index.php\/forside-benedicte-eneskov\/#breadcrumb","itemListElement":[{"@type":"ListItem","position":1,"name":"Home","item":"https:\/\/benedicte.eneskov.dk\/"},{"@type":"ListItem","position":2,"name":"Forside"}]},{"@type":"WebSite","@id":"https:\/\/benedicte.eneskov.dk\/#website","url":"https:\/\/benedicte.eneskov.dk\/","name":"Benedicte Eneskov","description":"KROP - KUNST - IMAGO PARTERAPI","publisher":{"@id":"https:\/\/benedicte.eneskov.dk\/#organization"},"potentialAction":[{"@type":"SearchAction","target":{"@type":"EntryPoint","urlTemplate":"https:\/\/benedicte.eneskov.dk\/?s={search_term_string}"},"query-input":{"@type":"PropertyValueSpecification","valueRequired":true,"valueName":"search_term_string"}}],"inLanguage":"da-DK"},{"@type":"Organization","@id":"https:\/\/benedicte.eneskov.dk\/#organization","name":"Benedicte Eneskov","url":"https:\/\/benedicte.eneskov.dk\/","logo":{"@type":"ImageObject","inLanguage":"da-DK","@id":"https:\/\/benedicte.eneskov.dk\/#\/schema\/logo\/image\/","url":"https:\/\/benedicte.eneskov.dk\/wp-content\/uploads\/2022\/10\/Rund-logo-lille-512px-e1676986111841.png","contentUrl":"https:\/\/benedicte.eneskov.dk\/wp-content\/uploads\/2022\/10\/Rund-logo-lille-512px-e1676986111841.png","width":60,"height":60,"caption":"Benedicte Eneskov"},"image":{"@id":"https:\/\/benedicte.eneskov.dk\/#\/schema\/logo\/image\/"}}]}},"_links":{"self":[{"href":"https:\/\/benedicte.eneskov.dk\/index.php\/wp-json\/wp\/v2\/pages\/85","targetHints":{"allow":["GET"]}}],"collection":[{"href":"https:\/\/benedicte.eneskov.dk\/index.php\/wp-json\/wp\/v2\/pages"}],"about":[{"href":"https:\/\/benedicte.eneskov.dk\/index.php\/wp-json\/wp\/v2\/types\/page"}],"author":[{"embeddable":true,"href":"https:\/\/benedicte.eneskov.dk\/index.php\/wp-json\/wp\/v2\/users\/1"}],"replies":[{"embeddable":true,"href":"https:\/\/benedicte.eneskov.dk\/index.php\/wp-json\/wp\/v2\/comments?post=85"}],"version-history":[{"count":198,"href":"https:\/\/benedicte.eneskov.dk\/index.php\/wp-json\/wp\/v2\/pages\/85\/revisions"}],"predecessor-version":[{"id":1850,"href":"https:\/\/benedicte.eneskov.dk\/index.php\/wp-json\/wp\/v2\/pages\/85\/revisions\/1850"}],"wp:attachment":[{"href":"https:\/\/benedicte.eneskov.dk\/index.php\/wp-json\/wp\/v2\/media?parent=85"}],"curies":[{"name":"wp","href":"https:\/\/api.w.org\/{rel}","templated":true}]}}